{"id":607,"date":"2015-03-07T01:09:11","date_gmt":"2015-03-07T00:09:11","guid":{"rendered":""},"modified":"2019-06-26T20:51:09","modified_gmt":"2019-06-26T18:51:09","slug":"terms-of-use","status":"publish","type":"page","link":"https:\/\/www.medecinenaturelle.net\/presse\/terms-of-use\/","title":{"rendered":"Termes d\u2019utilisation"},"content":{"rendered":"<p>Ces conditions d&rsquo;utilisation expliquent le principe de fonctionnement des casiers de contenu sur ce site Web.<\/p>\n<p>Sur ce site, vous pouvez rencontrer les casiers de contenu qui peuvent demander<br \/>\nvous vous connectez, vous abonnez, entrez votre nom ou effectuez d&rsquo;autres actions pour acc\u00e9der au contenu verrouill\u00e9.<\/p>\n<h2>Utilisation de votre adresse e-mail<\/h2>\n<p>Lorsque vous entrez votre e-mail ou vous connectez via les r\u00e9seaux sociaux, vous acceptez que votre<br \/>\nl&rsquo;adresse e-mail sera ajout\u00e9e \u00e0 la liste d&rsquo;abonnement pour l&rsquo;envoi de nouvelles cibles et d&rsquo;offres sp\u00e9ciales.<br \/>\nVous pouvez vous d\u00e9sabonner \u00e0 tout moment en cliquant sur le lien \u00e0 la fin de l&rsquo;un des e-mails re\u00e7us de nous.<\/p>\n<h2>Applications sociales et autorisations<\/h2>\n<p>Lorsque vous vous connectez via les r\u00e9seaux sociaux, le Content Locker peut vous demander d&rsquo;accorder<br \/>\nl&rsquo;autorisation de lire ou d&rsquo;effectuer des actions sociales.<\/p>\n<p>Le conten tlocker ne r\u00e9cup\u00e8re que les informations suivantes (selon la politique de confidentialit\u00e9 de ce site) :<\/p>\n<ul>\n<li>Nom de la personne<\/li>\n<li>Adresse e-mail<\/li>\n<\/ul>\n<p>Content Locker ne recueille jamais d&rsquo;autres donn\u00e9es et ne publie jamais rien sur les r\u00e9seaux sociaux en votre nom sans vos autorisations.<br \/>\nApr\u00e8s avoir d\u00e9verrouill\u00e9 le contenu, le contentement supprime tous les jetons d&rsquo;acc\u00e8s re\u00e7us de vous et ne les utilise plus jamais.<\/p>\n<p>S&rsquo;il y a des questions concernant ces Conditions d&rsquo;utilisation, vous pouvez nous contacter.<\/p>\n","protected":false},"excerpt":{"rendered":"<p>Ces conditions d&rsquo;utilisation expliquent le principe de fonctionnement des casiers de contenu sur ce site Web. Sur ce site, vous pouvez rencontrer les casiers de contenu qui peuvent demander vous vous connectez, vous abonnez, entrez votre nom ou effectuez d&rsquo;autres actions pour acc\u00e9der au contenu verrouill\u00e9. Utilisation de votre adresse e-mail Lorsque vous entrez votre&hellip;<\/p>\n","protected":false},"author":1,"featured_media":0,"parent":0,"menu_order":0,"comment_status":"open","ping_status":"closed","template":"","meta":[],"_links":{"self":[{"href":"https:\/\/www.medecinenaturelle.net\/presse\/wp-json\/wp\/v2\/pages\/607"}],"collection":[{"href":"https:\/\/www.medecinenaturelle.net\/presse\/wp-json\/wp\/v2\/pages"}],"about":[{"href":"https:\/\/www.medecinenaturelle.net\/presse\/wp-json\/wp\/v2\/types\/page"}],"author":[{"embeddable":true,"href":"https:\/\/www.medecinenaturelle.net\/presse\/wp-json\/wp\/v2\/users\/1"}],"replies":[{"embeddable":true,"href":"https:\/\/www.medecinenaturelle.net\/presse\/wp-json\/wp\/v2\/comments?post=607"}],"version-history":[{"count":0,"href":"https:\/\/www.medecinenaturelle.net\/presse\/wp-json\/wp\/v2\/pages\/607\/revisions"}],"wp:attachment":[{"href":"https:\/\/www.medecinenaturelle.net\/presse\/wp-json\/wp\/v2\/media?parent=607"}],"curies":[{"name":"wp","href":"https:\/\/api.w.org\/{rel}","templated":true}]}}